test common factor of u and 21.
21
Let u = 7 - 1. Let z(j) = -j**3 + 6*j**2 + j - 5. Let n be z(u). Let d be -55*(-2)/(n - -1). What is the greatest common divisor of 11 and d?
11
Let t be 13/39 - (-65)/3. Let b = 72 + -50. Calculate the highest common divisor of t and b.
22
Suppose -10*v + 25 = -5*v. Suppose -u + o = -19, 0*o - v*o - 53 = -2*u. What is the greatest common divisor of 42 and u?
14
Let a = 2 - 4. Let w be 2 + a/6*-3. Suppose w*u = -5*r + 4*u + 132, 4*r - 4*u = 112. What is the greatest common factor of 39 and r?
13
Suppose 8 = 4*w, -2*w = -4*s - s + 116. What is the greatest common divisor of s and 24?
24
Suppose -65 - 19 = -3*h. Suppose 0 = -2*s + 4*x + h, -2*x = -2*s - 5*x. Suppose 132 = -c + 3*c. Calculate the highest common factor of s and c.
6
Let v be 21/12*-2*-16. Let p = -8 + 5. Let a be (-19)/p - (-2)/3. Calculate the highest common divisor of v and a.
7
Suppose 292 + 83 = 5*v. Let b be (3/2 + -1)*0. Let y be (b - 9)*40/(-12). Calculate the highest common factor of y and v.
15
Let m be (-64)/(-28) - (-2)/(-7). Suppose 0 = r - 2*v - 2, 0 = 2*r + 3*r - m*v - 42. Let z = r - 4. Calculate the greatest common factor of 6 and z.
6
Let u(h) = 4*h - 9. Let k be u(18). Suppose 6*v - v = 35. Calculate the highest common divisor of k and v.
7
Suppose -20240 = -0*p - 5*p. Let t be p/56 - (-2)/(-7). Calculate the highest common divisor of t and 8.
8
Let y be (12/(-9))/((-1)/(-27)). Let f = 56 + y. What is the highest common factor of f and 30?
10
Suppose -3*p - 7 = -2*f, 18 = 4*f + p - 17. Suppose -5*w + 11 = o, -2*w = o - 7 - 1. Let q be (-1)/3 + 434/o. Calculate the greatest common factor of q and f.
8
Let b(q) = -q**3 + 8*q**2 - 6*q - 2. Let g be -2*(-2 + (-9)/6). Let w be b(g). Suppose j + 108 = w*j. Calculate the highest common factor of 3 and j.
3
Let t = -2 + 21. Calculate the highest common factor of t and 152.
19
Suppose 0*a - 9*a + 207 = 0. Calculate the greatest common divisor of 23 and a.
23
Suppose -3*w + 3*h + 222 = 0, w + 4*h - 82 - 7 = 0. Let d(l) = l**3 + 6*l**2 + 5*l + 7. Let o be d(-5). Calculate the highest common factor of o and w.
7
Let d = -56 - -119. Suppose -3*c + v + 135 = 0, -4*c = v + d - 236. What is the greatest common factor of c and 11?
11
Suppose -11*d = -17*d + 138. Let m(p) = -p**3 - p**2 + 184. Let k be m(0). What is the greatest common divisor of k and d?
23
Let c(x) = 1 + 3*x + 0 + 0 + 4*x**2 - 3*x**2. Let n be c(-4). What is the greatest common divisor of n and 5?
5
Let r(m) = m**2 + 2*m + 7. Let z be r(6). What is the greatest common divisor of z and 22?
11
Let r = -3 - -31. What is the greatest common factor of 112 and r?
28
Suppose 0 = 2*k - 10. Suppose -5*i + 2*q = 2 - 6, 0 = 5*q + 10. Let r be 5*(i - (3 - 5)). What is the highest common factor of r and k?
5
Let m be (-1 + -1)/((-1)/(-4)). Let j be 60/m*(-2)/3. Suppose -s = 4*f - 17, 6*s = j*f + 2*s - 16. Calculate the greatest common factor of f and 4.
4
Let x(g) = g**3 - 16*g**2 - 17*g + 56. Let y be x(17). What is the highest common divisor of 42 and y?
14
Let g = -31 - -59. Calculate the greatest common factor of g and 7.
7
Let p be 160/(-14)*(-49)/14. Calculate the highest common factor of 30 and p.
10
Let m(q) = 0 - 2 - 1 + 2*q - 2. Let w = -8 + 14. Let z be m(w). Calculate the greatest common divisor of 28 and z.
7
Let g(c) = -c + c**2 + 0 + 4 - 5*c. Let w be g(7). Let d be 40 + (-3)/6*-8. Calculate the greatest common divisor of d and w.
11
Suppose 2*s - 11 = 3*s. Let r be (-2 - -3 - s)*2. Let z = -23 + 39. What is the greatest common factor of r and z?
8
Suppose 0 = 2*v - 48 - 26. What is the greatest common divisor of 37 and v?
37
Suppose -12 = 4*u - 84. Suppose 3*z + 12 = -2*n - 0*n, -5*n - 5*z = 25. Let f = u + n. Calculate the highest common factor of f and 75.
15
Suppose -94 = -5*w - 2*z, -64 = -4*w + 2*z + 2*z. Let l = -55 - -91. Calculate the greatest common factor of l and w.
18
Suppose 0 = -n + 4. Suppose -3*v = -n*y - 746, 3*v - 3*y = -8*y + 701. Calculate the greatest common factor of 22 and v.
22
Let o(x) be the second derivative of -x**4/12 + 3*x**3/2 + 6*x**2 - x. Let g be o(10). Suppose -g*q + 3 = -7. Calculate the greatest common divisor of 10 and q.
5
Suppose 2*b = 5 + 1. Let h(l) = -4*l**2 + 4*l**2 + l**2. Let s be h(b). What is the highest common factor of s and 1?
1
Let c(y) = -y**3 + 2*y**2 + y + 1. Let z be c(2). Let f be (z - -13) + -4 + -2. Calculate the greatest common factor of f and 10.
10
Let f be (2 - 18/8) + (-244)/(-16). Calculate the highest common factor of 105 and f.
15
Let f = 35 - 14. Calculate the greatest common divisor of 189 and f.
21
Let c = 30 - 27. What is the highest common divisor of 21 and c?
3
Suppose -16 = 3*z + z. Let j = 140 - z. Calculate the greatest common factor of 18 and j.
18
Let x = 3 - 1. Suppose f + x = 13. What is the highest common divisor of f and 22?
11
Let u = 10 + -7. Let q be 0/(24/4 - 4). Suppose -2*f + 106 = 3*k, q*k - 103 = -u*k - 5*f. What is the greatest common divisor of k and 12?
12
Suppose 42 = 4*t - 46. Let l be 2/(-4) - 114/(-4). Suppose -l = -k + 27. Calculate the greatest common divisor of k and t.
11
Suppose 3*o = -2*d + 14, 3*d - 2*d - 5*o + 6 = 0. Suppose d*t = 12 + 156. Let b be -1 - (1*t)/(-3). Calculate the greatest common divisor of 143 and b.
13
Let r be ((-2)/5)/((-1)/25). Suppose 0 = -5*j - 6*x + 5*x + 121, 34 = 2*j + 4*x. Calculate the greatest common divisor of j and r.
5
Suppose -k + 8 = k. Suppose -5*o - k*p = p - 60, -p = -3*o + 24. Let r = 9 - -9. What is the highest common divisor of r and o?
9
Suppose 2*f - 62 = -2*s, -121 = -0*f - 4*f - 5*s. Let n = -43 + 60. Calculate the greatest common divisor of f and n.
17
Suppose 5 = j + 1. Suppose -i + j = i. Suppose -g - 52 = -i*t + 2*g, -5*g - 12 = -t. Calculate the greatest common divisor of 4 and t.
4
Let v = -163 + 371. Let y be (-9 - -22)*(-1 + 3). Calculate the highest common divisor of y and v.
26
Let z(t) = t**2 + 7*t + 27. Let b be z(-9). What is the highest common divisor of b and 360?
45
Let k = 1206 - 855. What is the highest common factor of k and 39?
39
Let p(i) = i**3 + 7*i**2 - 7*i - 10. Let k be p(-7). Let f be (3 + k)/(6/4). Calculate the greatest common divisor of f and 28.
28
Let f(o) = 5*o - 7. Let n be f(3). What is the greatest common divisor of n and 8?
8
Suppose 179 + 661 = 7*j. Calculate the greatest common divisor of 24 and j.
24
Suppose -3*t + 176 = -34. Calculate the highest common divisor of t and 7.
7
Let l = -40 + 62. Suppose -5*j = -2*g - 2*j + 16, 4*g - 4*j - 36 = 0. What is the highest common divisor of g and l?
11
Let j(w) = -w**3 + 6*w**2 - 3*w - 5. Let n be j(5). Let d be ((-40)/3)/(n/(-15)). Calculate the greatest common factor of d and 16.
8
Suppose -d + 12 = -4. What is the highest common factor of d and 128?
16
Let l(r) = -r + 4. Let t be l(-12). Suppose 0 = -h - x + 24, 0*h - h + x = -t. What is the greatest common divisor of 2 and h?
2
Suppose 2*q = -3*q. Suppose 16 = -4*i, -3*l + q*l = -2*i - 416. Let n = -18 - -35. What is the greatest common factor of l and n?
17
Let y be (10/(-8))/((-6)/168). Let r(n) = -6*n + 1. Let o be r(-1). Calculate the greatest common divisor of y and o.
7
Let g(c) = -4*c**3 - c**2 + 2. Let n(p) = p**3 - 6*p**2 + p - 8. Let j be n(6). Let w be g(j). What is the highest common factor of 20 and w?
10
Let k = 43 - 22. What is the highest common divisor of 42 and k?
21
Let f be -4*-2*1/8. Let r = 13 + f. Suppose -7 - 13 = -4*v, -x + 76 = 4*v. What is the highest common factor of x and r?
14
Let c(n) = n**2 + 13*n + 15. Let v be c(-12). What is the greatest common factor of 30 and v?
3
Let k = -2 - -17. Suppose 0 = 2*i + 3*c - 9, -5*c = i - 6*i - k. Let r be 0 + i - (-1 + -13). Calculate the highest common factor of 56 and r.
14
Suppose -a + 3*s - 3 = 2, 2*s = -3*a + 29. Suppose 0 = z - 51 + a. What is the highest common factor of z and 22?
22
Let n = -8 + 29. What is the highest common factor of 14 and n?
7
Suppose 2*z = -5*q + 7*z + 25, -q + 2 = -4*z. Suppose -q*j = -3*j - 54. Let g be 1/3 - 107/(-3). What is the greatest common divisor of g and j?
18
Suppose 14*j - 84 = -0*j. Suppose 2*n + 61 = 2*g - 57, -5*n = 5*g - 245. Calculate the greatest common factor of j and g.
6
Let c be 2*(0 + 5/2). Let v(a) = -8*a - 17. Let o 